{"id":35,"date":"2022-04-25T13:33:12","date_gmt":"2022-04-25T11:33:12","guid":{"rendered":"https:\/\/cms.glasdesign-wieland.de\/?page_id=35"},"modified":"2024-04-20T19:38:57","modified_gmt":"2024-04-20T17:38:57","slug":"kuechenrueckwaende","status":"publish","type":"page","link":"https:\/\/cms.glasdesign-wieland.de\/?page_id=35","title":{"rendered":"K\u00fcchenr\u00fcckw\u00e4nde"},"content":{"rendered":"<h3 style=\"text-align: justify;\"><strong><span style=\"font-family: arial, helvetica, sans-serif; font-size: 12pt;\">Stilvolles Kochen in klarer Sicht<\/span><\/strong><\/h3>\n<p style=\"text-align: justify;\"><span style=\"font-family: arial, helvetica, sans-serif; font-size: 12pt;\">Unsere ma\u00dfgefertigten K\u00fcchenr\u00fcckw\u00e4nde aus hochwertigem Glas setzen neue Ma\u00dfst\u00e4be f\u00fcr zeitgem\u00e4\u00dfes K\u00fcchendesign. Erleben Sie die Leichtigkeit transparenter Gestaltung, die nicht nur klare Sichtachsen schafft, sondern auch ein Statement f\u00fcr moderne Eleganz setzt.<\/span><\/p>\n<h3 style=\"text-align: justify;\"><strong><span style=\"font-family: arial, helvetica, sans-serif; font-size: 12pt;\">Eleganz, die sich abwaschen l\u00e4sst<\/span><\/strong><\/h3>\n<p style=\"text-align: justify;\"><span style=\"font-family: arial, helvetica, sans-serif; font-size: 12pt;\">Glasdesign Wieland steht f\u00fcr klare Linien und pflegeleichte \u00c4sthetik. Unsere K\u00fcchenr\u00fcckw\u00e4nde bieten nicht nur klare Sichtachsen, sondern auch Schutz vor Spritzern und Verschmutzungen. Sie schaffen eine harmonische Verbindung zwischen Funktionalit\u00e4t und Stil in Ihrer K\u00fcche.<\/span><\/p>\n<p>&nbsp;<\/p>\n<p style=\"text-align: center;\"><strong><span style=\"font-family: arial, helvetica, sans-serif;\">K\u00fcchenr\u00fcckw\u00e4nde:<\/span><\/strong><\/p>\n\n\t\t<style type=\"text\/css\">\n\t\t\t#gallery-1 {\n\t\t\t\tmargin: auto;\n\t\t\t}\n\t\t\t#gallery-1 .gallery-item {\n\t\t\t\tfloat: left;\n\t\t\t\tmargin-top: 10px;\n\t\t\t\ttext-align: center;\n\t\t\t\twidth: 33%;\n\t\t\t}\n\t\t\t#gallery-1 img {\n\t\t\t\tborder: 2px solid #cfcfcf;\n\t\t\t}\n\t\t\t#gallery-1 .gallery-caption {\n\t\t\t\tmargin-left: 0;\n\t\t\t}\n\t\t\t\/* see gallery_shortcode() in wp-includes\/media.php *\/\n\t\t<\/style>\n\t\t<div id='gallery-1' class='gallery galleryid-35 gallery-columns-3 gallery-size-large'><dl class='gallery-item'>\n\t\t\t<dt class='gallery-icon landscape'>\n\t\t\t\t<a href='https:\/\/cms.glasdesign-wieland.de\/wp-content\/uploads\/2022\/04\/003.Kuechenrueckwand-1-scaled.jpg'><img loading=\"lazy\" decoding=\"async\" width=\"1024\" height=\"768\" src=\"https:\/\/cms.glasdesign-wieland.de\/wp-content\/uploads\/2022\/04\/003.Kuechenrueckwand-1-1024x768.jpg\" class=\"attachment-large size-large\" alt=\"\" srcset=\"https:\/\/cms.glasdesign-wieland.de\/wp-content\/uploads\/2022\/04\/003.Kuechenrueckwand-1-1024x768.jpg 1024w, https:\/\/cms.glasdesign-wieland.de\/wp-content\/uploads\/2022\/04\/003.Kuechenrueckwand-1-300x225.jpg 300w, https:\/\/cms.glasdesign-wieland.de\/wp-content\/uploads\/2022\/04\/003.Kuechenrueckwand-1-768x576.jpg 768w, https:\/\/cms.glasdesign-wieland.de\/wp-content\/uploads\/2022\/04\/003.Kuechenrueckwand-1-1536x1152.jpg 1536w, https:\/\/cms.glasdesign-wieland.de\/wp-content\/uploads\/2022\/04\/003.Kuechenrueckwand-1-2048x1536.jpg 2048w, https:\/\/cms.glasdesign-wieland.de\/wp-content\/uploads\/2022\/04\/003.Kuechenrueckwand-1-120x90.jpg 120w\" sizes=\"auto, (max-width: 1024px) 100vw, 1024px\" \/><\/a>\n\t\t\t<\/dt><\/dl><dl class='gallery-item'>\n\t\t\t<dt class='gallery-icon landscape'>\n\t\t\t\t<a href='https:\/\/cms.glasdesign-wieland.de\/wp-content\/uploads\/2023\/02\/IMG_7229-scaled_-v2.jpg'><img loading=\"lazy\" decoding=\"async\" width=\"1024\" height=\"768\" src=\"https:\/\/cms.glasdesign-wieland.de\/wp-content\/uploads\/2023\/02\/IMG_7229-scaled_-v2-1024x768.jpg\" class=\"attachment-large size-large\" alt=\"\" srcset=\"https:\/\/cms.glasdesign-wieland.de\/wp-content\/uploads\/2023\/02\/IMG_7229-scaled_-v2-1024x768.jpg 1024w, https:\/\/cms.glasdesign-wieland.de\/wp-content\/uploads\/2023\/02\/IMG_7229-scaled_-v2-300x225.jpg 300w, https:\/\/cms.glasdesign-wieland.de\/wp-content\/uploads\/2023\/02\/IMG_7229-scaled_-v2-768x576.jpg 768w, https:\/\/cms.glasdesign-wieland.de\/wp-content\/uploads\/2023\/02\/IMG_7229-scaled_-v2-1536x1152.jpg 1536w, https:\/\/cms.glasdesign-wieland.de\/wp-content\/uploads\/2023\/02\/IMG_7229-scaled_-v2-120x90.jpg 120w, https:\/\/cms.glasdesign-wieland.de\/wp-content\/uploads\/2023\/02\/IMG_7229-scaled_-v2.jpg 1920w\" sizes=\"auto, (max-width: 1024px) 100vw, 1024px\" \/><\/a>\n\t\t\t<\/dt><\/dl>\n\t\t\t<br style='clear: both' \/>\n\t\t<\/div>\n\n","protected":false},"excerpt":{"rendered":"<p>Stilvolles Kochen in klarer Sicht Unsere ma\u00dfgefertigten K\u00fcchenr\u00fcckw\u00e4nde aus hochwertigem Glas setzen neue Ma\u00dfst\u00e4be f\u00fcr zeitgem\u00e4\u00dfes K\u00fcchendesign. Erleben Sie die Leichtigkeit transparenter Gestaltung, die nicht nur klare Sichtachsen schafft, sondern auch ein Statement f\u00fcr moderne Eleganz setzt. Eleganz, die sich abwaschen l\u00e4sst Glasdesign Wieland steht f\u00fcr klare Linien und pflegeleichte \u00c4sthetik. Unsere K\u00fcchenr\u00fcckw\u00e4nde bieten nicht&hellip;<\/p>\n","protected":false},"author":1,"featured_media":0,"parent":0,"menu_order":7,"comment_status":"closed","ping_status":"closed","template":"","meta":{"footnotes":""},"class_list":["post-35","page","type-page","status-publish","hentry"],"yoast_head":"<!-- This site is optimized with the Yoast SEO plugin v27.5 - https:\/\/yoast.com\/product\/yoast-seo-wordpress\/ -->\n<title>K\u00fcchenr\u00fcckw\u00e4nde - Glasdesign-Wieland<\/title>\n<meta name=\"robots\" content=\"index, follow, max-snippet:-1, max-image-preview:large, max-video-preview:-1\" \/>\n<link rel=\"canonical\" href=\"https:\/\/cms.glasdesign-wieland.de\/?page_id=35\" \/>\n<meta property=\"og:locale\" content=\"de_DE\" \/>\n<meta property=\"og:type\" content=\"article\" \/>\n<meta property=\"og:title\" content=\"K\u00fcchenr\u00fcckw\u00e4nde - Glasdesign-Wieland\" \/>\n<meta property=\"og:description\" content=\"Stilvolles Kochen in klarer Sicht Unsere ma\u00dfgefertigten K\u00fcchenr\u00fcckw\u00e4nde aus hochwertigem Glas setzen neue Ma\u00dfst\u00e4be f\u00fcr zeitgem\u00e4\u00dfes K\u00fcchendesign. Erleben Sie die Leichtigkeit transparenter Gestaltung, die nicht nur klare Sichtachsen schafft, sondern auch ein Statement f\u00fcr moderne Eleganz setzt. Eleganz, die sich abwaschen l\u00e4sst Glasdesign Wieland steht f\u00fcr klare Linien und pflegeleichte \u00c4sthetik. Unsere K\u00fcchenr\u00fcckw\u00e4nde bieten nicht&hellip;\" \/>\n<meta property=\"og:url\" content=\"https:\/\/cms.glasdesign-wieland.de\/?page_id=35\" \/>\n<meta property=\"og:site_name\" content=\"Glasdesign-Wieland\" \/>\n<meta property=\"article:modified_time\" content=\"2024-04-20T17:38:57+00:00\" \/>\n<meta property=\"og:image\" content=\"https:\/\/cms.glasdesign-wieland.de\/wp-content\/uploads\/2022\/04\/003.Kuechenrueckwand-1-1024x768.jpg\" \/>\n<meta name=\"twitter:card\" content=\"summary_large_image\" \/>\n<meta name=\"twitter:label1\" content=\"Gesch\u00e4tzte Lesezeit\" \/>\n\t<meta name=\"twitter:data1\" content=\"1\u00a0Minute\" \/>\n<script type=\"application\/ld+json\" class=\"yoast-schema-graph\">{\"@context\":\"https:\\\/\\\/schema.org\",\"@graph\":[{\"@type\":\"WebPage\",\"@id\":\"https:\\\/\\\/cms.glasdesign-wieland.de\\\/?page_id=35\",\"url\":\"https:\\\/\\\/cms.glasdesign-wieland.de\\\/?page_id=35\",\"name\":\"K\u00fcchenr\u00fcckw\u00e4nde - Glasdesign-Wieland\",\"isPartOf\":{\"@id\":\"https:\\\/\\\/cms.glasdesign-wieland.de\\\/#website\"},\"datePublished\":\"2022-04-25T11:33:12+00:00\",\"dateModified\":\"2024-04-20T17:38:57+00:00\",\"breadcrumb\":{\"@id\":\"https:\\\/\\\/cms.glasdesign-wieland.de\\\/?page_id=35#breadcrumb\"},\"inLanguage\":\"de\",\"potentialAction\":[{\"@type\":\"ReadAction\",\"target\":[\"https:\\\/\\\/cms.glasdesign-wieland.de\\\/?page_id=35\"]}]},{\"@type\":\"BreadcrumbList\",\"@id\":\"https:\\\/\\\/cms.glasdesign-wieland.de\\\/?page_id=35#breadcrumb\",\"itemListElement\":[{\"@type\":\"ListItem\",\"position\":1,\"name\":\"Startseite\",\"item\":\"https:\\\/\\\/cms.glasdesign-wieland.de\\\/\"},{\"@type\":\"ListItem\",\"position\":2,\"name\":\"K\u00fcchenr\u00fcckw\u00e4nde\"}]},{\"@type\":\"WebSite\",\"@id\":\"https:\\\/\\\/cms.glasdesign-wieland.de\\\/#website\",\"url\":\"https:\\\/\\\/cms.glasdesign-wieland.de\\\/\",\"name\":\"Glasdesign-Wieland\",\"description\":\"GLAS einfach sch\u00f6ner.\",\"potentialAction\":[{\"@type\":\"SearchAction\",\"target\":{\"@type\":\"EntryPoint\",\"urlTemplate\":\"https:\\\/\\\/cms.glasdesign-wieland.de\\\/?s={search_term_string}\"},\"query-input\":{\"@type\":\"PropertyValueSpecification\",\"valueRequired\":true,\"valueName\":\"search_term_string\"}}],\"inLanguage\":\"de\"}]}<\/script>\n<!-- \/ Yoast SEO plugin. -->","yoast_head_json":{"title":"K\u00fcchenr\u00fcckw\u00e4nde - Glasdesign-Wieland","robots":{"index":"index","follow":"follow","max-snippet":"max-snippet:-1","max-image-preview":"max-image-preview:large","max-video-preview":"max-video-preview:-1"},"canonical":"https:\/\/cms.glasdesign-wieland.de\/?page_id=35","og_locale":"de_DE","og_type":"article","og_title":"K\u00fcchenr\u00fcckw\u00e4nde - Glasdesign-Wieland","og_description":"Stilvolles Kochen in klarer Sicht Unsere ma\u00dfgefertigten K\u00fcchenr\u00fcckw\u00e4nde aus hochwertigem Glas setzen neue Ma\u00dfst\u00e4be f\u00fcr zeitgem\u00e4\u00dfes K\u00fcchendesign. Erleben Sie die Leichtigkeit transparenter Gestaltung, die nicht nur klare Sichtachsen schafft, sondern auch ein Statement f\u00fcr moderne Eleganz setzt. Eleganz, die sich abwaschen l\u00e4sst Glasdesign Wieland steht f\u00fcr klare Linien und pflegeleichte \u00c4sthetik. Unsere K\u00fcchenr\u00fcckw\u00e4nde bieten nicht&hellip;","og_url":"https:\/\/cms.glasdesign-wieland.de\/?page_id=35","og_site_name":"Glasdesign-Wieland","article_modified_time":"2024-04-20T17:38:57+00:00","og_image":[{"url":"https:\/\/cms.glasdesign-wieland.de\/wp-content\/uploads\/2022\/04\/003.Kuechenrueckwand-1-1024x768.jpg","type":"","width":"","height":""}],"twitter_card":"summary_large_image","twitter_misc":{"Gesch\u00e4tzte Lesezeit":"1\u00a0Minute"},"schema":{"@context":"https:\/\/schema.org","@graph":[{"@type":"WebPage","@id":"https:\/\/cms.glasdesign-wieland.de\/?page_id=35","url":"https:\/\/cms.glasdesign-wieland.de\/?page_id=35","name":"K\u00fcchenr\u00fcckw\u00e4nde - Glasdesign-Wieland","isPartOf":{"@id":"https:\/\/cms.glasdesign-wieland.de\/#website"},"datePublished":"2022-04-25T11:33:12+00:00","dateModified":"2024-04-20T17:38:57+00:00","breadcrumb":{"@id":"https:\/\/cms.glasdesign-wieland.de\/?page_id=35#breadcrumb"},"inLanguage":"de","potentialAction":[{"@type":"ReadAction","target":["https:\/\/cms.glasdesign-wieland.de\/?page_id=35"]}]},{"@type":"BreadcrumbList","@id":"https:\/\/cms.glasdesign-wieland.de\/?page_id=35#breadcrumb","itemListElement":[{"@type":"ListItem","position":1,"name":"Startseite","item":"https:\/\/cms.glasdesign-wieland.de\/"},{"@type":"ListItem","position":2,"name":"K\u00fcchenr\u00fcckw\u00e4nde"}]},{"@type":"WebSite","@id":"https:\/\/cms.glasdesign-wieland.de\/#website","url":"https:\/\/cms.glasdesign-wieland.de\/","name":"Glasdesign-Wieland","description":"GLAS einfach sch\u00f6ner.","potentialAction":[{"@type":"SearchAction","target":{"@type":"EntryPoint","urlTemplate":"https:\/\/cms.glasdesign-wieland.de\/?s={search_term_string}"},"query-input":{"@type":"PropertyValueSpecification","valueRequired":true,"valueName":"search_term_string"}}],"inLanguage":"de"}]}},"_links":{"self":[{"href":"https:\/\/cms.glasdesign-wieland.de\/index.php?rest_route=\/wp\/v2\/pages\/35","targetHints":{"allow":["GET"]}}],"collection":[{"href":"https:\/\/cms.glasdesign-wieland.de\/index.php?rest_route=\/wp\/v2\/pages"}],"about":[{"href":"https:\/\/cms.glasdesign-wieland.de\/index.php?rest_route=\/wp\/v2\/types\/page"}],"author":[{"embeddable":true,"href":"https:\/\/cms.glasdesign-wieland.de\/index.php?rest_route=\/wp\/v2\/users\/1"}],"replies":[{"embeddable":true,"href":"https:\/\/cms.glasdesign-wieland.de\/index.php?rest_route=%2Fwp%2Fv2%2Fcomments&post=35"}],"version-history":[{"count":8,"href":"https:\/\/cms.glasdesign-wieland.de\/index.php?rest_route=\/wp\/v2\/pages\/35\/revisions"}],"predecessor-version":[{"id":332,"href":"https:\/\/cms.glasdesign-wieland.de\/index.php?rest_route=\/wp\/v2\/pages\/35\/revisions\/332"}],"wp:attachment":[{"href":"https:\/\/cms.glasdesign-wieland.de\/index.php?rest_route=%2Fwp%2Fv2%2Fmedia&parent=35"}],"curies":[{"name":"wp","href":"https:\/\/api.w.org\/{rel}","templated":true}]}}

Küchenrückwände

<h3 style="text-align: justify;"><strong><span style="font-family: arial, helvetica, sans-serif; font-size: 12pt;">Stilvolles Kochen in klarer Sicht</span></strong></h3>
<p style="text-align: justify;"><span style="font-family: arial, helvetica, sans-serif; font-size: 12pt;">Unsere maßgefertigten Küchenrückwände aus hochwertigem Glas setzen neue Maßstäbe für zeitgemäßes Küchendesign. Erleben Sie die Leichtigkeit transparenter Gestaltung, die nicht nur klare Sichtachsen schafft, sondern auch ein Statement für moderne Eleganz setzt.</span></p>
<h3 style="text-align: justify;"><strong><span style="font-family: arial, helvetica, sans-serif; font-size: 12pt;">Eleganz, die sich abwaschen lässt</span></strong></h3>
<p style="text-align: justify;"><span style="font-family: arial, helvetica, sans-serif; font-size: 12pt;">Glasdesign Wieland steht für klare Linien und pflegeleichte Ästhetik. Unsere Küchenrückwände bieten nicht nur klare Sichtachsen, sondern auch Schutz vor Spritzern und Verschmutzungen. Sie schaffen eine harmonische Verbindung zwischen Funktionalität und Stil in Ihrer Küche.</span></p>
<p>&nbsp;</p>
<p style="text-align: center;"><strong><span style="font-family: arial, helvetica, sans-serif;">Küchenrückwände:</span></strong></p>

		<style type="text/css">
			#gallery-1 {
				margin: auto;
			}
			#gallery-1 .gallery-item {
				float: left;
				margin-top: 10px;
				text-align: center;
				width: 33%;
			}
			#gallery-1 img {
				border: 2px solid #cfcfcf;
			}
			#gallery-1 .gallery-caption {
				margin-left: 0;
			}
			/* see gallery_shortcode() in wp-includes/media.php */
		</style>
		<div id='gallery-1' class='gallery galleryid-35 gallery-columns-3 gallery-size-large'><dl class='gallery-item'>
			<dt class='gallery-icon landscape'>
				<a href='https://cms.glasdesign-wieland.de/wp-content/uploads/2022/04/003.Kuechenrueckwand-1-scaled.jpg'><img loading="lazy" decoding="async" width="1024" height="768" src="https://cms.glasdesign-wieland.de/wp-content/uploads/2022/04/003.Kuechenrueckwand-1-1024x768.jpg" class="attachment-large size-large" alt="" srcset="https://cms.glasdesign-wieland.de/wp-content/uploads/2022/04/003.Kuechenrueckwand-1-1024x768.jpg 1024w, https://cms.glasdesign-wieland.de/wp-content/uploads/2022/04/003.Kuechenrueckwand-1-300x225.jpg 300w, https://cms.glasdesign-wieland.de/wp-content/uploads/2022/04/003.Kuechenrueckwand-1-768x576.jpg 768w, https://cms.glasdesign-wieland.de/wp-content/uploads/2022/04/003.Kuechenrueckwand-1-1536x1152.jpg 1536w, https://cms.glasdesign-wieland.de/wp-content/uploads/2022/04/003.Kuechenrueckwand-1-2048x1536.jpg 2048w, https://cms.glasdesign-wieland.de/wp-content/uploads/2022/04/003.Kuechenrueckwand-1-120x90.jpg 120w" sizes="auto, (max-width: 1024px) 100vw, 1024px" /></a>
			</dt></dl><dl class='gallery-item'>
			<dt class='gallery-icon landscape'>
				<a href='https://cms.glasdesign-wieland.de/wp-content/uploads/2023/02/IMG_7229-scaled_-v2.jpg'><img loading="lazy" decoding="async" width="1024" height="768" src="https://cms.glasdesign-wieland.de/wp-content/uploads/2023/02/IMG_7229-scaled_-v2-1024x768.jpg" class="attachment-large size-large" alt="" srcset="https://cms.glasdesign-wieland.de/wp-content/uploads/2023/02/IMG_7229-scaled_-v2-1024x768.jpg 1024w, https://cms.glasdesign-wieland.de/wp-content/uploads/2023/02/IMG_7229-scaled_-v2-300x225.jpg 300w, https://cms.glasdesign-wieland.de/wp-content/uploads/2023/02/IMG_7229-scaled_-v2-768x576.jpg 768w, https://cms.glasdesign-wieland.de/wp-content/uploads/2023/02/IMG_7229-scaled_-v2-1536x1152.jpg 1536w, https://cms.glasdesign-wieland.de/wp-content/uploads/2023/02/IMG_7229-scaled_-v2-120x90.jpg 120w, https://cms.glasdesign-wieland.de/wp-content/uploads/2023/02/IMG_7229-scaled_-v2.jpg 1920w" sizes="auto, (max-width: 1024px) 100vw, 1024px" /></a>
			</dt></dl>
			<br style='clear: both' />
		</div>

<p>Stilvolles Kochen in klarer Sicht Unsere maßgefertigten Küchenrückwände aus hochwertigem Glas setzen neue Maßstäbe für zeitgemäßes Küchendesign. Erleben Sie die Leichtigkeit transparenter Gestaltung, die nicht nur klare Sichtachsen schafft, sondern auch ein Statement für moderne Eleganz setzt. Eleganz, die sich abwaschen lässt Glasdesign Wieland steht für klare Linien und pflegeleichte Ästhetik. Unsere Küchenrückwände bieten nicht&hellip;</p>

<!-- This site is optimized with the Yoast SEO plugin v27.5 - https://yoast.com/product/yoast-seo-wordpress/ -->
<title>Küchenrückwände - Glasdesign-Wieland</title>
<meta name="robots" content="index, follow, max-snippet:-1, max-image-preview:large, max-video-preview:-1" />
<link rel="canonical" href="https://cms.glasdesign-wieland.de/?page_id=35" />
<meta property="og:locale" content="de_DE" />
<meta property="og:type" content="article" />
<meta property="og:title" content="Küchenrückwände - Glasdesign-Wieland" />
<meta property="og:description" content="Stilvolles Kochen in klarer Sicht Unsere maßgefertigten Küchenrückwände aus hochwertigem Glas setzen neue Maßstäbe für zeitgemäßes Küchendesign. Erleben Sie die Leichtigkeit transparenter Gestaltung, die nicht nur klare Sichtachsen schafft, sondern auch ein Statement für moderne Eleganz setzt. Eleganz, die sich abwaschen lässt Glasdesign Wieland steht für klare Linien und pflegeleichte Ästhetik. Unsere Küchenrückwände bieten nicht&hellip;" />
<meta property="og:url" content="https://cms.glasdesign-wieland.de/?page_id=35" />
<meta property="og:site_name" content="Glasdesign-Wieland" />
<meta property="article:modified_time" content="2024-04-20T17:38:57+00:00" />
<meta property="og:image" content="https://cms.glasdesign-wieland.de/wp-content/uploads/2022/04/003.Kuechenrueckwand-1-1024x768.jpg" />
<meta name="twitter:card" content="summary_large_image" />
<meta name="twitter:label1" content="Geschätzte Lesezeit" />
	<meta name="twitter:data1" content="1 Minute" />
<script type="application/ld+json" class="yoast-schema-graph">{"@context":"https:\/\/schema.org","@graph":[{"@type":"WebPage","@id":"https:\/\/cms.glasdesign-wieland.de\/?page_id=35","url":"https:\/\/cms.glasdesign-wieland.de\/?page_id=35","name":"Küchenrückwände - Glasdesign-Wieland","isPartOf":{"@id":"https:\/\/cms.glasdesign-wieland.de\/#website"},"datePublished":"2022-04-25T11:33:12+00:00","dateModified":"2024-04-20T17:38:57+00:00","breadcrumb":{"@id":"https:\/\/cms.glasdesign-wieland.de\/?page_id=35#breadcrumb"},"inLanguage":"de","potentialAction":[{"@type":"ReadAction","target":["https:\/\/cms.glasdesign-wieland.de\/?page_id=35"]}]},{"@type":"BreadcrumbList","@id":"https:\/\/cms.glasdesign-wieland.de\/?page_id=35#breadcrumb","itemListElement":[{"@type":"ListItem","position":1,"name":"Startseite","item":"https:\/\/cms.glasdesign-wieland.de\/"},{"@type":"ListItem","position":2,"name":"Küchenrückwände"}]},{"@type":"WebSite","@id":"https:\/\/cms.glasdesign-wieland.de\/#website","url":"https:\/\/cms.glasdesign-wieland.de\/","name":"Glasdesign-Wieland","description":"GLAS einfach schöner.","potentialAction":[{"@type":"SearchAction","target":{"@type":"EntryPoint","urlTemplate":"https:\/\/cms.glasdesign-wieland.de\/?s={search_term_string}"},"query-input":{"@type":"PropertyValueSpecification","valueRequired":true,"valueName":"search_term_string"}}],"inLanguage":"de"}]}</script>
<!-- / Yoast SEO plugin. -->

Küchenrückwände - Glasdesign-Wieland

Stilvolles Kochen in klarer Sicht Unsere maßgefertigten Küchenrückwände aus hochwertigem Glas setzen neue Maßstäbe für zeitgemäßes Küchendesign. Erleben Sie die Leichtigkeit transparenter Gestaltung, die nicht nur klare Sichtachsen schafft, sondern auch ein Statement für moderne Eleganz setzt. Eleganz, die sich abwaschen lässt Glasdesign Wieland steht für klare Linien und pflegeleichte Ästhetik. Unsere Küchenrückwände bieten nicht&hellip;

GLAS einfach schöner.
